7 is divided by 11.
3
What is the remainder when 1455 is divided by 244?
235
What is the remainder when 794 is divided by 53?
52
Calculate the remainder when 60 is divided by 32.
28
What is the remainder when 342 is divided by 33?
12
What is the remainder when 4622 is divided by 16?
14
What is the remainder when 334 is divided by 30?
4
What is the remainder when 136 is divided by 38?
22
Calculate the remainder when 212 is divided by 180.
32
Calculate the remainder when 147 is divided by 23.
9
What is the remainder when 756 is divided by 96?
84
What is the remainder when 13 is divided by 5?
3
What is the remainder when 320 is divided by 65?
60
What is the remainder when 1014 is divided by 35?
34
Calculate the remainder when 123 is divided by 24.
3
Calculate the remainder when 281 is divided by 21.
8
What is the remainder when 707 is divided by 10?
7
What is the remainder when 388 is divided by 173?
42
Calculate the remainder when 51 is divided by 20.
11
What is the remainder when 482 is divided by 101?
78
What is the remainder when 547 is divided by 43?
31
Calculate the remainder when 29 is divided by 5.
4
Calculate the remainder when 1569 is divided by 4.
1
Calculate the remainder when 392 is divided by 9.
5
Calculate the remainder when 230 is divided by 66.
32
Calculate the remainder when 4590 is divided by 8.
6
Calculate the remainder when 962 is divided by 14.
10
Calculate the remainder when 491 is divided by 197.
97
What is the remainder when 1121 is divided by 33?
32
Calculate the remainder when 178 is divided by 14.
10
Calculate the remainder when 9 is divided by 4.
1
What is the remainder when 6097 is divided by 10?
7
Calculate the remainder when 66 is divided by 17.
15
Calculate the remainder when 9679 is divided by 36.
31
Calculate the remainder when 80 is divided by 6.
2
What is the remainder when 1762 is divided by 126?
124
What is the remainder when 188 is divided by 87?
14
What is the remainder when 125 is divided by 4?
1
What is the remainder when 1309 is divided by 422?
43
Calculate the remainder when 133 is divided by 17.
14
What is the remainder when 88 is divided by 47?
41
What is the remainder when 313 is divided by 6?
1
Calculate the remainder when 1128 is divided by 29.
26
Calculate the remainder when 13863 is divided by 59.
57
What is the remainder when 1155 is divided by 22?
11
Calculate the remainder when 1797 is divided by 31.
30
Calculate the remainder when 434 is divided by 37.
27
What is the remainder when 104 is divided by 55?
49
Calculate the remainder when 1024 is divided by 254.
8
Calculate the remainder when 396 is divided by 19.
16
What is the remainder when 164 is divided by 44?
32
Calculate the remainder when 5087 is divided by 12.
11
What is the remainder when 171 is divided by 159?
12
What is the remainder when 11 is divided by 7?
4
Calculate the remainder when 597 is divided by 40.
37
Calculate the remainder when 803 is divided by 135.
128
Calculate the remainder when 5759 is divided by 43.
40
Calculate the remainder when 31037 is divided by 17.
12
What is the remainder when 327 is divided by 55?
52
Calculate the remainder when 355 is divided by 62.
45
Calculate the remainder when 316 is divided by 10.
6
What is the remainder when 28 is divided by 15?
13
What is the remainder when 1095 is divided by 9?
6
What is the remainder when 170 is divided by 15?
5
Calculate the remainder when 60 is divided by 16.
12
What is the remainder when 265 is divided by 3?
1
Calculate the remainder when 10314 is divided by 51.
12
What is the remainder when 230 is divided by 8?
6
Calculate the remainder when 692 is divided by 288.
116
What is the remainder when 68 is divided by 18?
14
What is the remainder when 4218 is divided by 17?
2
Calculate the remainder when 88 is divided by 6.
4
Calculate the remainder when 299 is divided by 244.
55
Calculate the remainder when 214 is divided by 68.
10
Calculate the remainder when 36 is divided by 5.
1
Calculate the remainder when 665 is divided by 29.
27
What is the remainder when 302 is divided by 51?
47
Calculate the remainder when 790 is divided by 114.
106
What is the remainder when 112 is divided by 31?
19
Calculate the remainder when 121 is divided by 14.
9
What is the remainder when 351 is divided by 42?
15
What is the remainder when 4333 is divided by 144?
13
What is the remainder when 484 is divided by 92?
24
What is the remainder when 342 is divided by 134?
74
What is the remainder when 526 is divided by 102?
16
Calculate the remainder when 197 is divided by 63.
8
Calculate the remainder when 559 is divided by 128.
47
Calculate the remainder when 48 is divided by 26.
22
What is the remainder when 247 is divided by 21?
16
Calculate the remainder when 9517 is divided by 16.
13
What is the remainder when 39 is divided by 1?
0
Calculate the remainder when 811 is divided by 26.
5
What is the remainder when 694 is divided by 24?
22
What is the remainder when 32 is divided by 13?
6
Calculate the remainder when 5668 is divided by 26.
0
Calculate the remainder when 122 is divided by 50.
22
Calculate the remainder when 27 is divided by 9.
0
Calculate the remainder when 697 is divided by 35.
32
What is the remainder when 135 is divided by 6?
3
Calculate the remainder when 28 is divided by 20.
8
Calculate the remainder when 13726 is divided by 66.
64
Calculate the remainder when 720 is divided by 81.
72
Calculate the remainder when 357 is divided by 112.
21
Calculate the remainder when 754 is divided by 152.
146
What is the remainder when 1649 is divided by 24?
17
What is the remainder when 1289 is divided by 132?
101
Calculate the remainder when 2099 is divided by 28.
27
What is the remainder when 380 is divided by 125?
5
Calculate the remainder when 263 is divided by 24.
23
What is the remainder when 497 is divided by 14?
7
What is the remainder when 253 is divided by 32?
29
Calculate the remainder when 349 is divided by 59.
54
What is the remainder when 96 is divided by 13?
5
What is the remainder when 64 is divided by 13?
12
Calculate the remainder when 164 is divided by 70.
24
Calculate the remainder when 775 is divided by 57.
34
Calculate the remainder when 875 is divided by 277.
44
Calculate the remainder when 229 is divided by 40.
29
What is the remainder when 53 is divided by 29?
24
What is the remainder when 172 is divided by 69?
34
Calculate the remainder when 85 is divided by 39.
7
What is the remainder when 435 is divided by 73?
70
Calculate the remainder when 119 is divided by 10.
9
What is the remainder when 129 is divided by 26?
25
Calculate the remainder when 274 is divided by 249.
25
Calculate the remainder when 97 is divided by 9.
7
Calculate the remainder when 68 is divided by 49.
19
Calculate the remainder when 109 is divided by 25.
9
What is the remainder when 782 is divided by 129?
8
What is the remainder when 410 is divided by 225?
185
What is the remainder when 1202 is divided by 134?
130
Calculate the remainder when 632 is divided by 287.
58
Calculate the remainder when 517 is divided by 95.
42
What is the remainder when 208 is divided by 53?
49
Calculate the remainder when 1042 is divided by 116.
114
Calculate the remainder when 1563 is divided by 29.
26
What is the remainder when 1249 is divided by 38?
33
What is the remainder when 364 is divided by 232?
132
What is the remainder when 64 is divided by 5?
4
What is the remainder when 956 is divided by 955?
1
What is the remainder when 1363 is divided by 5?
3
Calculate the remainder when 1005 is divided by 53.
51
Calculate the remainder when 76 is divided by 27.
22
Calculate the remainder when 256 is divided by 52.
48
What is the remainder when 3277 is divided by 467?
8
What is the remainder when 224 is divided by 21?
14
What is the remainder when 779 is divided by 59?
12
Calculate the remainder when 86 is divided by 37.
12
Calculate the remainder when 163 is divided by 29.
18
Calculate the remainder when 1005 is divided by 16.
13
What is the remainder when 595 is divided by 228?
139
What is the remainder when 39 is divided by 21?
18
Calculate the remainder when 2266 is divided by 27.
25
What is the remainder when 305 is divided by 28?
25
What is the remainder when 117 is divided by 18?
9
Calculate the rem